*f + 0*f + 6 = a. Calculate p(f).
-1
Let t(n) be the first derivative of -1/4*n**4 + 5*n**2 - 1/120*n**6 - 7/60*n**5 + 0*n + 1/6*n**3 - 18. Let d(p) be the second derivative of t(p). What is d(-6)?
1
Let l(t) be the first derivative of t**3 - 14*t**2 + 23*t + 4670. Give l(9).
14
Let j be 8/14 + 1342/77. Suppose -w - 3*d + 1 = 8, -2*w = -2*d - j. Let y(o) = o - 7. Determine y(w).
-2
Suppose 0 = -53*p + 67*p - 84. Suppose -2*j - 3*m + 6 = -3*j, 2*m - p = 0. Let s(h) = 2*h**2 + 5*h - 3. What is s(j)?
30
Let p(u) = -u. Let s = 2054 - 2060. Determine p(s).
6
Let v(r) = 3*r + 2. Let x = 190 + -163. Suppose 10*o = x + 3. What is v(o)?
11
Let v = -18890 + 18878. Let k(p) = 5*p - 7. What is k(v)?
-67
Suppose 7*k - 5*k + 4*i = -24, -2*i - 26 = 2*k. Let g(j) = j**3 + 15*j**2 + 17*j + 13. Determine g(k).
-29
Suppose 6*w = 3*w - 6. Let k(u) = 5*u**2 + 9*u - 19. Let n(j) = 3*j**2 + 4*j - 8. Let y(o) = -2*k(o) + 5*n(o). Determine y(w).
14
Suppose 4*u - 2 + 2 = 0. Suppose -11*o + 308 = -u*o. Suppose -5*w + 4*m - 22 = -0*w, -5*w - o = -m. Let t(h) = -h**3 - 5*h**2 + 4*h - 5. Determine t(w).
7
Let o(j) be the first derivative of -10 - 8*j - 1/3*j**3 + 13/2*j**2. What is o(12)?
4
Suppose -128 = -56*i + 55*i. Let h(g) = -6*g - 125 + 244 - i. Calculate h(-7).
33
Let d(r) = -10*r**2 + 2*r + 5 + 2*r**2 + r + 2*r. Let p(n) = 15*n**2 - 9*n - 9. Let f(o) = -11*d(o) - 6*p(o). Calculate f(-1).
-2
Let a(t) be the third derivative of -t**7/2520 - t**6/180 - t**5/60 + 23*t**4/8 - 20*t**2. Let z(b) be the second derivative of a(b). Calculate z(-5).
-7
Suppose -420 = 53*m - 40*m + 127*m. Let n(j) = -3*j**2 - 2*j + 3. Give n(m).
-18
Let c = -18 + 12. Let d(u) = -26*u + 8 + 17*u**2 + 27*u - 16*u**2 - u**3 - 7*u**2. What is d(c)?
2
Suppose p = l - 16, 2*l - 32 - 6 = 5*p. Suppose 0 = -18*m + l*m + 28. Let n(h) = h**2 - 5*h - 6. Determine n(m).
8
Let i(u) be the third derivative of u**6/30 - u**5/30 + u**3 + 13*u**2 - 5*u. What is i(2)?
30
Let z(j) = 3*j - 63. Let r be z(21). Suppose 16*l + 58 + 134 = r. Let p(t) = -t**3 - 11*t**2 + 11*t + 1. What is p(l)?
13
Let g(x) = -12*x - x**3 - 30 - 9*x**2 - 98*x**2 + 117*x**2. Give g(8).
2
Let l be (-64)/(-12) + (-3)/9. Suppose 76*x = 79*x - 132. Let f(s) = -39 + 84 - x - 3*s + l*s. Calculate f(-1).
-1
Let k(c) = -c - 27. Let g be 10 + -36*30/45. Give k(g).
-13
Let z(t) be the second derivative of -t**5/20 + 5*t**4/12 - 2*t**3/3 + t. Let p = -270 + 342. Let n = p - 69. Give z(n).
6
Suppose -3*l + 6 = h, h = -0*l - 2*l + 3. Suppose 0*r - l = r. Let x(f) be the third derivative of -f**4/3 - f**3/2 - 14*f**2 - 2*f - 19. Calculate x(r).
21
Let c(b) be the third derivative of -1/120*b**6 + 31*b + 0 + b**2 + 0*b**5 + 5/24*b**4 - 2/3*b**3. Determine c(3).
-16
Let d(r) = r**2 - 19*r + 80. Let t be d(10). Let g(o) be the first derivative of -o**4/4 - 8*o**3/3 + 21*o**2/2 + 14*o + 544. Calculate g(t).
4
Let v(a) = -7*a**2 - 12*a + 31. Let w be v(-3). Let d(t) = -2*t**3 + 3*t**2 - 6*t + 5. What is d(w)?
-99
Let n(p) = 8*p + 994 + 959 - 1827. What is n(-16)?
-2
Let x(d) = 41*d + 1564. Let r be x(-38). Let l(f) = -f**2 - 2*f + 7. Determine l(r).
-41
Suppose -17 = -10*i + 5*i - 3*t, -t = i - 3. Let d(u) = 3*u**2 + 6*u - 12. What is d(i)?
60
Let v(j) = -1 - 6 + 2 + j. Suppose 7*m - 3*m + 7 = f, 4*f + 5*m - 7 = 0. Suppose 0 = -5*o - 5, 2*d - 8*o + f*o = 15. Give v(d).
0
Let d(p) = p - 15. Suppose -x - 3*z + 36 = 2*x, 4*z = -5*x + 63. Suppose 10*a = x*a - 75. Let l be d(a). Let u(t) = -t + 5. Determine u(l).
5
Let i(z) = -z**2 + 7*z - 33. Suppose -5*w - 4*x + 2*x + 26 = 0, -3*w = 3*x - 12. Determine i(w).
-27
Suppose 2*z - 10 = -y, -3*z + 1 = -2*z. Suppose 0 = u + 5*m - 24, -6*m - y = -u - 7*m. Let n(f) = f**3 - 2*f**2 - f - 2. Give n(u).
26
Let l(n) be the first derivative of -13*n**2/2 - 695*n + 5450. Determine l(-53).
-6
Let i(u) = -12*u - 15. Let o(v) = -6*v - 7. Let g(w) = 6*i(w) - 13*o(w). Let h(r) = r**2 + 5*r - 90. Let d be h(8). Suppose 2*j - d = -10. What is g(j)?
13
Suppose -2*i + 4*i - 4*m = -14, 3*m = 0. Let u(p) = -31*p + 22*p - p**2 + 10 - 7. Give u(i).
17
Suppose 46 = -7*a + 27 - 58. Let p(g) = g + 7. What is p(a)?
-4
Let q(y) be the second derivative of 11/6*y**3 + 0 - 73*y - 3*y**2 + 1/12*y**4. Determine q(-10).
-16
Let d(o) be the third derivative of o**6/120 + o**5/10 - o**4/4 + 5*o**3/3 - 23*o**2. Suppose -363 = 42*s - 69. Determine d(s).
3
Let a(y) = 19 + 24 - 66 - 3*y + 4*y + 19. Suppose -5*r = z - 3, -2*r - 9 = 2*r - 3*z. Determine a(r).
-4
Let c(m) = -3*m + 28. Let j(o) = -o**2 + 11*o - 18. Let x be j(8). Let r be c(x). Let u(s) = -s**3 + 11*s**2 - 9*s - 5. Calculate u(r).
5
Suppose 68*s + 2*a - 7 = 73*s, 5*a + 65 = -4*s. Let k(j) = j**3 + 7*j**2 + 2*j - 17. Calculate k(s).
23
Let k = -23176 - -23186. Let y(d) = 71*d - 712. Determine y(k).
-2
Let b be -4*(65/20 + -2). Let k(t) = 2*t**2 + 12*t. Let y(z) = -z**2 - 6*z. Let a(s) = -4*k(s) - 9*y(s). Determine a(b).
-5
Let g(s) be the second derivative of s**5/20 + s**4/2 - 2*s**2 + s. Let d(b) = -6*b**2 - 10*b - 12. Let a be d(-7). Let x = -242 - a. What is g(x)?
-4
Let j = -1199 + 1193. Let a(i) = -2*i + 1. Give a(j).
13
Let w(s) = -s**2 + 4*s + 4. Let z be w(2). Let k(l) = 5*l + 16. Let x(c) = -23*c - 63. Let t(a) = -9*k(a) - 2*x(a). Give t(z).
-10
Let w(b) = b - 11. Suppose 3*v - v = o - 13, 5*v + 22 = 2*o. Suppose 4*t + 3*t = o. Suppose -2*f + f = 1, -t*h + f + 19 = 0. Determine w(h).
-5
Let l(i) = 2*i + 2. Let z = 86 + -76. Suppose -q - 21 = -5*o, 3*q + z = -o - 5. Let f(a) = a + 10. Let u be f(q). Determine l(u).
10
Let f(l) be the third derivative of -l**5/60 - l**4/24 + l**3/3 - l**2 + 60. Suppose 14*q - 18*q - 20 = 0. What is f(q)?
-18
Suppose 33*g - 54 = 12. Let b(s) be the first derivative of 13 - s + 9/2*s**g. What is b(1)?
8
Let v(p) = 4394*p + p**3 - 4394*p - p**2. Suppose -15 = -2*t - 3*t. Suppose 2*u + 3*l + 8 = 0, -t*l + l - 2 = 3*u. Determine v(u).
4
Let q(d) = d**2 - 29*d + 84*d + 11 - 17*d - 51*d. Give q(9).
-25
Let o(g) be the third derivative of 0 + 11/12*g**4 + 0*g - 1/6*g**3 + 4*g**2. Suppose -2*d - 1 = -3. Determine o(d).
21
Let m be 850/70 - (-6)/7. Suppose 0 = -14*i + 71 + m. Let o(v) = v**3 - 7*v**2 + 7*v + 2. Calculate o(i).
8
Let o(c) = -1 + 2670*c + 1 + 2666*c - 5343*c. Let t(h) = h - 7. Let x be t(6). What is o(x)?
7
Let p(g) = -g**2 + 26*g + 5. Let b be p(26). Let u(a) = -b*a + 11*a - 3*a - 1 - a. Let o be 1 + 1 + -3 - -2. What is u(o)?
1
Let d(a) = a**3 - 4*a**2 + 4*a - 6. Let h = 74 - 435. Let l = 365 + h. Determine d(l).
10
Let b(c) be the second derivative of c**7/840 - c**5/60 - c**4/8 + 13*c**3/3 + c**2/2 + 107*c. Let u(d) be the second derivative of b(d). Determine u(3).
18
Let c(m) = 15*m + 78. Let j be c(-5). Let a be 10/(-5) - (-2)/(j - 2). Let v(h) = h**3 + h + 14. What is v(a)?
14
Let b(m) be the first derivative of m**4/2 - 5*m**3/3 - 15*m - 1102. Give b(3).
-6
Let k(r) be the second derivative of -1/3*r**3 + 101*r + 0 + 0*r**2. What is k(-1)?
2
Suppose -3740 + 3743 = -i. Let t(d) = -d**2 - 5*d - 6. Calculate t(i).
0
Let u(m) be the third derivative of 0 - m**2 + 1/12*m**4 - 1/3*m**3 + 0*m. Suppose 23*c - 23*c + 33*c + 165 = 0. Give u(c).
-12
Let w(n) be the first derivative of n**5/120 - 17*n**4/24 - 113*n**3/3 + 16. Let m(p) be the third derivative of w(p). Give m(14).
-3
Let b(o) = 11*o**2 + 35*o - 48. Let f(z) be the third derivative of z**5/12 + 17*z**4/24 - 4*z**3 - z**2 + 13. Let h(v) = 6*b(v) - 13*f(v). What is h(10)?
14
Suppose 22*c - 27 = 13*c. Let v(w) = 0*w + w**2 + 3 + w + 5*w**2 - 7*w**2. Give v(c).
-3
Let o(d) be the third derivative of -d**5/15 - d**4/6 - d**3/6 - d**2. Let i be (-17871)/28 - ((-60)/(-16) - 3). Let f = -642 - i. Determine o(f).
-25
Let z(o) = 33 - 11*o**2 + 68*o - 71*o + 0*o**3 - 5*o**3 + 6*o**3. Let n be z(11). Let k(f) = -f**3 + 2*f**2 - 2*f - 3. Calculate k(n).
-3
Let o(p) = -2*p**3 + 14*p**2 - 10*p - 16. Let i be 270/36 + (-6)/4. Let c be o(i). Let q(r) = r**3 + 3*r**2 - 2*r - 6. Calculate q(c).
-14
Let f = 8 - 11. Let t be (20 - 21/7) + -4. Let d(u) = -t*u + 43*u - 29*u + 2. Calculate d(f).
-1
Let t(q) = -q**2 + 12*q + 14. Let b = 7973 + -7959. Determine t(b).
-14
Let m(h) = 2*h**2 + 3*h + 3. Let y be m(-3). Let k(o) be the second derivative of o**3/6 - 9*o**2/2 - 2497*o - 2. Determine k(y).
3
Supp